{"id":182,"date":"2025-05-23T06:31:11","date_gmt":"2025-05-23T06:31:11","guid":{"rendered":"https:\/\/angelio.at\/wordpress\/?page_id=182"},"modified":"2025-05-23T06:31:15","modified_gmt":"2025-05-23T06:31:15","slug":"als-mitglied-registrieren","status":"publish","type":"page","link":"https:\/\/angelio.at\/wordpress\/index.php\/als-mitglied-registrieren\/","title":{"rendered":"Als Mitglied registrieren"},"content":{"rendered":"\n<div class=\"um um-register um-58\">\n\t<div class=\"um-form\" data-mode=\"register\">\n\t\t<form method=\"post\" action=\"\">\n\t\t\t<div class=\"um-row _um_row_1 \" style=\"margin: 0 0 30px 0;\"><div class=\"um-col-1\"><div  id=\"um_field_58_user_login\" class=\"um-field um-field-text  um-field-user_login um-field-text um-field-type_text\" data-key=\"user_login\"><div class=\"um-field-label\"><label for=\"user_login-58\">Benutzername<\/label><div class=\"um-clear\"><\/div><\/div><div class=\"um-field-area\"><input  autocomplete=\"off\" class=\"um-form-field valid \" type=\"text\" name=\"user_login-58\" id=\"user_login-58\" value=\"\" placeholder=\"\" data-validate=\"unique_username\" data-key=\"user_login\"  aria-invalid=\"false\" \/>\n\n\t\t\t\t\t\t<\/div><\/div><div  id=\"um_field_58_first_name\" class=\"um-field um-field-text  um-field-first_name um-field-text um-field-type_text\" data-key=\"first_name\"><div class=\"um-field-label\"><label for=\"first_name-58\">Vorname<\/label><div class=\"um-clear\"><\/div><\/div><div class=\"um-field-area\"><input  autocomplete=\"off\" class=\"um-form-field valid \" type=\"text\" name=\"first_name-58\" id=\"first_name-58\" value=\"\" placeholder=\"\" data-validate=\"\" data-key=\"first_name\"  aria-invalid=\"false\" \/>\n\n\t\t\t\t\t\t<\/div><\/div><div  id=\"um_field_58_last_name\" class=\"um-field um-field-text  um-field-last_name um-field-text um-field-type_text\" data-key=\"last_name\"><div class=\"um-field-label\"><label for=\"last_name-58\">Nachname<\/label><div class=\"um-clear\"><\/div><\/div><div class=\"um-field-area\"><input  autocomplete=\"off\" class=\"um-form-field valid \" type=\"text\" name=\"last_name-58\" id=\"last_name-58\" value=\"\" placeholder=\"\" data-validate=\"\" data-key=\"last_name\"  aria-invalid=\"false\" \/>\n\n\t\t\t\t\t\t<\/div><\/div><div  id=\"um_field_58_user_email\" class=\"um-field um-field-text  um-field-user_email um-field-text um-field-type_text\" data-key=\"user_email\"><div class=\"um-field-label\"><label for=\"user_email-58\">E-Mail-Adresse<\/label><div class=\"um-clear\"><\/div><\/div><div class=\"um-field-area\"><input  autocomplete=\"off\" class=\"um-form-field valid \" type=\"text\" name=\"user_email-58\" id=\"user_email-58\" value=\"\" placeholder=\"\" data-validate=\"unique_email\" data-key=\"user_email\"  aria-invalid=\"false\" \/>\n\n\t\t\t\t\t\t<\/div><\/div><div  id=\"um_field_58_strasse_hausnummer\" class=\"um-field um-field-text  um-field-strasse_hausnummer um-field-text um-field-type_text\" data-key=\"strasse_hausnummer\"><div class=\"um-field-label\"><label for=\"strasse_hausnummer-58\">Stra\u00dfe\/Hausnummer<\/label><div class=\"um-clear\"><\/div><\/div><div class=\"um-field-area\"><input  autocomplete=\"off\" class=\"um-form-field valid not-required \" type=\"text\" name=\"strasse_hausnummer-58\" id=\"strasse_hausnummer-58\" value=\"\" placeholder=\"\" data-validate=\"\" data-key=\"strasse_hausnummer\"  aria-invalid=\"false\" \/>\n\n\t\t\t\t\t\t<\/div><\/div><div  id=\"um_field_58_postleitzahl\" class=\"um-field um-field-number  um-field-postleitzahl um-field-number um-field-type_number\" data-key=\"postleitzahl\"><div class=\"um-field-label\"><label for=\"postleitzahl-58\">PLZ<\/label><div class=\"um-clear\"><\/div><\/div><div class=\"um-field-area\"><input  class=\"um-form-field valid not-required \" type=\"number\" name=\"postleitzahl-58\" id=\"postleitzahl-58\" value=\"\" placeholder=\"\" data-validate=\"\" data-key=\"postleitzahl\"   aria-invalid=\"false\" \/>\n\n\t\t\t\t\t\t<\/div><\/div><div  id=\"um_field_58_strasse_hausnummer_12\" class=\"um-field um-field-text  um-field-strasse_hausnummer_12 um-field-text um-field-type_text\" data-key=\"strasse_hausnummer_12\"><div class=\"um-field-label\"><label for=\"strasse_hausnummer_12-58\">Ort<\/label><span class=\"um-tip um-tip-w\" title=\"Ort\"><i class=\"um-icon-help-circled\"><\/i><\/span><div class=\"um-clear\"><\/div><\/div><div class=\"um-field-area\"><input  autocomplete=\"off\" class=\"um-form-field valid not-required \" type=\"text\" name=\"strasse_hausnummer_12-58\" id=\"strasse_hausnummer_12-58\" value=\"\" placeholder=\"\" data-validate=\"\" data-key=\"strasse_hausnummer_12\"  aria-invalid=\"false\" \/>\n\n\t\t\t\t\t\t<\/div><\/div><div  id=\"um_field_58_country\" class=\"um-field um-field-select  um-field-country um-field-select um-field-type_select\" data-key=\"country\"><div class=\"um-field-label\"><label for=\"country-58\">Land<\/label><div class=\"um-clear\"><\/div><\/div><div class=\"um-field-area  \"><select data-default=\"\"     name=\"country\" id=\"country\" data-validate=\"\" data-key=\"country\" class=\"um-form-field valid um-s1 \" style=\"width: 100%\" data-placeholder=\"W\u00e4hle ein Land\"   aria-invalid=\"false\" ><option value=\"\"><\/option><option value=\"Afghanistan\" >Afghanistan<\/option><option value=\"\u00c5land\" >\u00c5land<\/option><option value=\"Albanien\" >Albanien<\/option><option value=\"Algerien\" >Algerien<\/option><option value=\"Amerikanisch-Samoa\" >Amerikanisch-Samoa<\/option><option value=\"Andorra\" >Andorra<\/option><option value=\"Angola\" >Angola<\/option><option value=\"Anguilla\" >Anguilla<\/option><option value=\"Antarktika\" >Antarktika<\/option><option value=\"Antigua und Barbuda\" >Antigua und Barbuda<\/option><option value=\"Argentinien\" >Argentinien<\/option><option value=\"Armenien\" >Armenien<\/option><option value=\"Aruba\" >Aruba<\/option><option value=\"Australien\" >Australien<\/option><option value=\"\u00d6sterreich\" >\u00d6sterreich<\/option><option value=\"Aserbaidschan\" >Aserbaidschan<\/option><option value=\"Bahamas\" >Bahamas<\/option><option value=\"Bahrain\" >Bahrain<\/option><option value=\"Bangladesch\" >Bangladesch<\/option><option value=\"Barbados\" >Barbados<\/option><option value=\"Wei\u00dfrussland\" >Wei\u00dfrussland<\/option><option value=\"Belgien\" >Belgien<\/option><option value=\"Belize\" >Belize<\/option><option value=\"Benin\" >Benin<\/option><option value=\"Bermuda\" >Bermuda<\/option><option value=\"Bhutan\" >Bhutan<\/option><option value=\"Bolivien\" >Bolivien<\/option><option value=\"Bosnien und Herzegowina\" >Bosnien und Herzegowina<\/option><option value=\"Botswana\" >Botswana<\/option><option value=\"Bouvetinsel\" >Bouvetinsel<\/option><option value=\"Brasilien\" >Brasilien<\/option><option value=\"Britisches Territorium im Indischen Ozean\" >Britisches Territorium im Indischen Ozean<\/option><option value=\"Brunei\" >Brunei<\/option><option value=\"Bulgarien\" >Bulgarien<\/option><option value=\"Burkina Faso\" >Burkina Faso<\/option><option value=\"Burundi\" >Burundi<\/option><option value=\"Kambodscha\" >Kambodscha<\/option><option value=\"Kamerun\" >Kamerun<\/option><option value=\"Kanada\" >Kanada<\/option><option value=\"Kap Verde\" >Kap Verde<\/option><option value=\"Kaimaninseln\" >Kaimaninseln<\/option><option value=\"Zentralafrikanische Republik\" >Zentralafrikanische Republik<\/option><option value=\"Tschad\" >Tschad<\/option><option value=\"Chile\" >Chile<\/option><option value=\"China\" >China<\/option><option value=\"Weihnachtsinsel\" >Weihnachtsinsel<\/option><option value=\"Kokosinseln (Keelinginseln)\" >Kokosinseln (Keelinginseln)<\/option><option value=\"Kolumbien\" >Kolumbien<\/option><option value=\"Komoren\" >Komoren<\/option><option value=\"Kongo\" >Kongo<\/option><option value=\"Kongo\" >Kongo<\/option><option value=\"Cookinseln\" >Cookinseln<\/option><option value=\"Costa Rica\" >Costa Rica<\/option><option value=\"Elfenbeink\u00fcste\" >Elfenbeink\u00fcste<\/option><option value=\"Kroatien\" >Kroatien<\/option><option value=\"Kuba\" >Kuba<\/option><option value=\"Zypern\" >Zypern<\/option><option value=\"Tschechien\" >Tschechien<\/option><option value=\"D\u00e4nemark\" >D\u00e4nemark<\/option><option value=\"Dschibuti\" >Dschibuti<\/option><option value=\"Dominica\" >Dominica<\/option><option value=\"Dominikanische Republik\" >Dominikanische Republik<\/option><option value=\"Ecuador\" >Ecuador<\/option><option value=\"\u00c4gypten\" >\u00c4gypten<\/option><option value=\"El Salvador\" >El Salvador<\/option><option value=\"\u00c4quatorialguinea\" >\u00c4quatorialguinea<\/option><option value=\"Eritrea\" >Eritrea<\/option><option value=\"Estland\" >Estland<\/option><option value=\"\u00c4thiopien\" >\u00c4thiopien<\/option><option value=\"Falklandinseln\" >Falklandinseln<\/option><option value=\"F\u00e4r\u00f6er\" >F\u00e4r\u00f6er<\/option><option value=\"Fidschi\" >Fidschi<\/option><option value=\"Finnland\" >Finnland<\/option><option value=\"Frankreich\" >Frankreich<\/option><option value=\"Franz\u00f6sisch-Guayana\" >Franz\u00f6sisch-Guayana<\/option><option value=\"Franz\u00f6sisch-Polynesien\" >Franz\u00f6sisch-Polynesien<\/option><option value=\"Franz\u00f6sische S\u00fcd- und Antarktisgebiete\" >Franz\u00f6sische S\u00fcd- und Antarktisgebiete<\/option><option value=\"Gabun\" >Gabun<\/option><option value=\"Gambia\" >Gambia<\/option><option value=\"Sakartwelo\" >Sakartwelo<\/option><option value=\"Deutschland\" >Deutschland<\/option><option value=\"Ghana\" >Ghana<\/option><option value=\"Gibraltar\" >Gibraltar<\/option><option value=\"Griechenland\" >Griechenland<\/option><option value=\"Gr\u00f6nland\" >Gr\u00f6nland<\/option><option value=\"Grenada\" >Grenada<\/option><option value=\"Guadeloupe\" >Guadeloupe<\/option><option value=\"Guam\" >Guam<\/option><option value=\"Guatemala\" >Guatemala<\/option><option value=\"Guernsey\" >Guernsey<\/option><option value=\"Guinea\" >Guinea<\/option><option value=\"Guinea-Bissau\" >Guinea-Bissau<\/option><option value=\"Guyana\" >Guyana<\/option><option value=\"Haiti\" >Haiti<\/option><option value=\"Heard und McDonaldinseln\" >Heard und McDonaldinseln<\/option><option value=\"Heiliger Stuhl (Staat Vatikanstadt)\" >Heiliger Stuhl (Staat Vatikanstadt)<\/option><option value=\"Honduras\" >Honduras<\/option><option value=\"Hongkong\" >Hongkong<\/option><option value=\"Ungarn\" >Ungarn<\/option><option value=\"Island\" >Island<\/option><option value=\"Indien\" >Indien<\/option><option value=\"Indonesien\" >Indonesien<\/option><option value=\"Iran\" >Iran<\/option><option value=\"Irak\" >Irak<\/option><option value=\"Irland\" >Irland<\/option><option value=\"Isle of Man\" >Isle of Man<\/option><option value=\"Israel\" >Israel<\/option><option value=\"Italien\" >Italien<\/option><option value=\"Jamaika\" >Jamaika<\/option><option value=\"Japan\" >Japan<\/option><option value=\"Jersey\" >Jersey<\/option><option value=\"Jordanien\" >Jordanien<\/option><option value=\"Kasachstan\" >Kasachstan<\/option><option value=\"Kenia\" >Kenia<\/option><option value=\"Kiribati\" >Kiribati<\/option><option value=\"Nordkorea\" >Nordkorea<\/option><option value=\"S\u00fcdkorea\" >S\u00fcdkorea<\/option><option value=\"Kuwait\" >Kuwait<\/option><option value=\"Kirgisistan\" >Kirgisistan<\/option><option value=\"Laos\" >Laos<\/option><option value=\"Lettland\" >Lettland<\/option><option value=\"Libanon\" >Libanon<\/option><option value=\"Lesotho\" >Lesotho<\/option><option value=\"Liberia\" >Liberia<\/option><option value=\"Libyen\" >Libyen<\/option><option value=\"Liechtenstein\" >Liechtenstein<\/option><option value=\"Litauen\" >Litauen<\/option><option value=\"Luxemburg\" >Luxemburg<\/option><option value=\"Macau\" >Macau<\/option><option value=\"Mazedonien\" >Mazedonien<\/option><option value=\"Madagaskar\" >Madagaskar<\/option><option value=\"Malawi\" >Malawi<\/option><option value=\"Malaysia\" >Malaysia<\/option><option value=\"Malediven\" >Malediven<\/option><option value=\"Mali\" >Mali<\/option><option value=\"Malta\" >Malta<\/option><option value=\"Marshallinseln\" >Marshallinseln<\/option><option value=\"Martinique\" >Martinique<\/option><option value=\"Mauretanien\" >Mauretanien<\/option><option value=\"Mauritius\" >Mauritius<\/option><option value=\"Mayotte\" >Mayotte<\/option><option value=\"Mexiko\" >Mexiko<\/option><option value=\"Mikronesien, F\u00f6derierte Staaten von\" >Mikronesien, F\u00f6derierte Staaten von<\/option><option value=\"Moldawien\" >Moldawien<\/option><option value=\"Monaco\" >Monaco<\/option><option value=\"Mongolei\" >Mongolei<\/option><option value=\"Montenegro\" >Montenegro<\/option><option value=\"Montserrat\" >Montserrat<\/option><option value=\"Marokko\" >Marokko<\/option><option value=\"Mosambik\" >Mosambik<\/option><option value=\"Myanmar\" >Myanmar<\/option><option value=\"Namibia\" >Namibia<\/option><option value=\"Nauru\" >Nauru<\/option><option value=\"Nepal\" >Nepal<\/option><option value=\"Niederlande\" >Niederlande<\/option><option value=\"Niederl\u00e4ndische Antillen\" >Niederl\u00e4ndische Antillen<\/option><option value=\"Neukaledonien\" >Neukaledonien<\/option><option value=\"Neuseeland\" >Neuseeland<\/option><option value=\"Nicaragua\" >Nicaragua<\/option><option value=\"Niger\" >Niger<\/option><option value=\"Nigeria\" >Nigeria<\/option><option value=\"Niue\" >Niue<\/option><option value=\"Norfolkinsel\" >Norfolkinsel<\/option><option value=\"N\u00f6rdliche Marianen\" >N\u00f6rdliche Marianen<\/option><option value=\"Norwegen\" >Norwegen<\/option><option value=\"Oman\" >Oman<\/option><option value=\"Pakistan\" >Pakistan<\/option><option value=\"Palau\" >Palau<\/option><option value=\"Pal\u00e4stina\" >Pal\u00e4stina<\/option><option value=\"Panama\" >Panama<\/option><option value=\"Papua-Neuguinea\" >Papua-Neuguinea<\/option><option value=\"Paraguay\" >Paraguay<\/option><option value=\"Peru\" >Peru<\/option><option value=\"Philippinen\" >Philippinen<\/option><option value=\"Pitcairninseln\" >Pitcairninseln<\/option><option value=\"Polen\" >Polen<\/option><option value=\"Portugal\" >Portugal<\/option><option value=\"Puerto Rico\" >Puerto Rico<\/option><option value=\"Katar\" >Katar<\/option><option value=\"R\u00e9union\" >R\u00e9union<\/option><option value=\"Rum\u00e4nien\" >Rum\u00e4nien<\/option><option value=\"Russland\" >Russland<\/option><option value=\"Ruanda\" >Ruanda<\/option><option value=\"Saint-Barth\u00e9lemy\" >Saint-Barth\u00e9lemy<\/option><option value=\"St. Helena\" >St. Helena<\/option><option value=\"St. Kitts und Nevis\" >St. Kitts und Nevis<\/option><option value=\"St. Lucia\" >St. Lucia<\/option><option value=\"St. Martin (franz\u00f6sischer Teil)\" >St. Martin (franz\u00f6sischer Teil)<\/option><option value=\"Saint-Pierre und Miquelon\" >Saint-Pierre und Miquelon<\/option><option value=\"St. Vincent und die Grenadinen\" >St. Vincent und die Grenadinen<\/option><option value=\"Samoa\" >Samoa<\/option><option value=\"San Marino\" >San Marino<\/option><option value=\"S\u00e3o Tom\u00e9 und Pr\u00edncipe\" >S\u00e3o Tom\u00e9 und Pr\u00edncipe<\/option><option value=\"Saudi-Arabien\" >Saudi-Arabien<\/option><option value=\"Senegal\" >Senegal<\/option><option value=\"Serbien\" >Serbien<\/option><option value=\"Seychellen\" >Seychellen<\/option><option value=\"Sierra Leone\" >Sierra Leone<\/option><option value=\"Singapur\" >Singapur<\/option><option value=\"Slowakei\" >Slowakei<\/option><option value=\"Slowenien\" >Slowenien<\/option><option value=\"Salomonen\" >Salomonen<\/option><option value=\"Somalia\" >Somalia<\/option><option value=\"S\u00fcdafrika\" >S\u00fcdafrika<\/option><option value=\"S\u00fcdgeorgien und die S\u00fcdlichen Sandwichinseln\" >S\u00fcdgeorgien und die S\u00fcdlichen Sandwichinseln<\/option><option value=\"S\u00fcdsudan\" >S\u00fcdsudan<\/option><option value=\"Spanien\" >Spanien<\/option><option value=\"Sri Lanka\" >Sri Lanka<\/option><option value=\"Sudan\" >Sudan<\/option><option value=\"Suriname\" >Suriname<\/option><option value=\"Svalbard und Jan Mayen\" >Svalbard und Jan Mayen<\/option><option value=\"Eswatini\" >Eswatini<\/option><option value=\"Schweden\" >Schweden<\/option><option value=\"Schweiz\" >Schweiz<\/option><option value=\"Syrien\" >Syrien<\/option><option value=\"Taiwan\" >Taiwan<\/option><option value=\"Tadschikistan\" >Tadschikistan<\/option><option value=\"Tansania\" >Tansania<\/option><option value=\"Thailand\" >Thailand<\/option><option value=\"Osttimor\" >Osttimor<\/option><option value=\"Togo\" >Togo<\/option><option value=\"Tokelau\" >Tokelau<\/option><option value=\"Tonga\" >Tonga<\/option><option value=\"Trinidad und Tobago\" >Trinidad und Tobago<\/option><option value=\"Tunesien\" >Tunesien<\/option><option value=\"T\u00fcrkei\" >T\u00fcrkei<\/option><option value=\"Turkmenistan\" >Turkmenistan<\/option><option value=\"Turks- und Caicosinseln\" >Turks- und Caicosinseln<\/option><option value=\"Tuvalu\" >Tuvalu<\/option><option value=\"Uganda\" >Uganda<\/option><option value=\"Ukraine\" >Ukraine<\/option><option value=\"Vereinigte Arabische Emirate\" >Vereinigte Arabische Emirate<\/option><option value=\"Vereinigtes K\u00f6nigreich\" >Vereinigtes K\u00f6nigreich<\/option><option value=\"Vereinigte Staaten von Amerika\" >Vereinigte Staaten von Amerika<\/option><option value=\"Kleinere abgelegene Inseln der Vereinigten Staaten\" >Kleinere abgelegene Inseln der Vereinigten Staaten<\/option><option value=\"Uruguay\" >Uruguay<\/option><option value=\"Usbekistan\" >Usbekistan<\/option><option value=\"Vanuatu\" >Vanuatu<\/option><option value=\"Venezuela\" >Venezuela<\/option><option value=\"Vietnam\" >Vietnam<\/option><option value=\"Britische Jungferninseln\" >Britische Jungferninseln<\/option><option value=\"Amerikanische Jungferninseln\" >Amerikanische Jungferninseln<\/option><option value=\"Wallis und Futuna\" >Wallis und Futuna<\/option><option value=\"Westsahara\" >Westsahara<\/option><option value=\"Jemen\" >Jemen<\/option><option value=\"Sambia\" >Sambia<\/option><option value=\"Simbabwe\" >Simbabwe<\/option><\/select><\/div><\/div><div  id=\"um_field_58_birth_date\" class=\"um-field um-field-date  um-field-birth_date um-field-date um-field-type_date\" data-key=\"birth_date\"><div class=\"um-field-label\"><div class=\"um-field-label-icon\"><i class=\"far fa-calendar-days\" aria-label=\"Geburtsdatum\"><\/i><\/div><label for=\"birth_date-58\">Geburtsdatum<\/label><div class=\"um-clear\"><\/div><\/div><div class=\"um-field-area\"><input   class=\"um-form-field valid um-datepicker \" type=\"text\" name=\"birth_date-58\" id=\"birth_date-58\" value=\"\" placeholder=\"\" data-validate=\"\" data-key=\"birth_date\" data-range=\"years\" data-years=\"115\" data-years_x=\"past\" data-disabled_weekdays=\"\" data-date_min=\"1911,4,19\" data-date_max=\"2026,4,19\" data-format=\"d mmm yyyy\" data-value=\"\"  aria-invalid=\"false\" \/>\n\n\t\t\t\t\t\t<\/div><\/div><div  id=\"um_field_58_user_password\" class=\"um-field um-field-password  um-field-user_password um-field-password um-field-type_password\" data-key=\"user_password\"><div class=\"um-field-label\"><label for=\"user_password-58\">Passwort<\/label><div class=\"um-clear\"><\/div><\/div><div class=\"um-field-area\"><input class=\"um-form-field valid \" type=\"password\" name=\"user_password-58\" id=\"user_password-58\" value=\"\" placeholder=\"\" data-validate=\"\" data-key=\"user_password\"  aria-invalid=\"false\" \/>\n\n\t\t\t\t\t\t\t<\/div><\/div><div  id=\"um_field_58_confirm_user_password\" class=\"um-field um-field-password  um-field-user_password um-field-password um-field-type_password\" data-key=\"confirm_user_password\"><div class=\"um-field-label\"><label for=\"confirm_user_password-58\">Passwort best\u00e4tigen<\/label><div class=\"um-clear\"><\/div><\/div><div class=\"um-field-area\"><input class=\"um-form-field valid \" type=\"password\" name=\"confirm_user_password-58\" id=\"confirm_user_password-58\" value=\"\" placeholder=\"Passwort best\u00e4tigen\" data-validate=\"\" data-key=\"confirm_user_password\"  aria-invalid=\"false\" \/><\/div><\/div><div  id=\"um_field_58_gender\" class=\"um-field um-field-radio  um-field-gender um-field-radio um-field-type_radio\" data-key=\"gender\"  aria-invalid=\"false\" ><div class=\"um-field-label\"><label for=\"gender-58\">Geschlecht<\/label><div class=\"um-clear\"><\/div><\/div><div class=\"um-field-area\"><label class=\"um-field-radio  um-field-half \"><input  type=\"radio\" name=\"gender[]\" value=\"M\u00e4nnlich\"  \/><span class=\"um-field-radio-state\"><i class=\"um-icon-android-radio-button-off\"><\/i><\/span><span class=\"um-field-radio-option\">M\u00e4nnlich<\/span><\/label><label class=\"um-field-radio  um-field-half  right \"><input  type=\"radio\" name=\"gender[]\" value=\"Weiblich\"  \/><span class=\"um-field-radio-state\"><i class=\"um-icon-android-radio-button-off\"><\/i><\/span><span class=\"um-field-radio-option\">Weiblich<\/span><\/label><div class=\"um-clear\"><\/div><div class=\"um-clear\"><\/div><\/div><\/div><div  id=\"um_field_58_phone_number\" class=\"um-field um-field-tel  um-field-phone_number um-field-tel um-field-type_tel\" data-key=\"phone_number\"><div class=\"um-field-label\"><div class=\"um-field-label-icon\"><i class=\"fas fa-phone\" aria-label=\"Telefonnummer\"><\/i><\/div><label for=\"phone_number-58\">Telefonnummer<\/label><div class=\"um-clear\"><\/div><\/div><div class=\"um-field-area\"><input  autocomplete=\"off\" class=\"um-form-field valid \" type=\"tel\" name=\"phone_number-58\" id=\"phone_number-58\" value=\"\" placeholder=\"\" data-validate=\"phone_number\" data-key=\"phone_number\"  aria-invalid=\"false\" \/>\n\n\t\t\t\t\t\t<\/div><\/div><div  id=\"um_field_58_unfallversicherung\" class=\"um-field um-field-select  um-field-unfallversicherung um-field-select um-field-type_select\" data-key=\"unfallversicherung\"><div class=\"um-field-label\"><label for=\"unfallversicherung-58\">Unfallversicherung Option<\/label><div class=\"um-clear\"><\/div><\/div><div class=\"um-field-area  \"><select data-default=\"Gruppe 1: Invalidit\u00e4t 100.000 \u20ac\"     name=\"unfallversicherung\" id=\"unfallversicherung\" data-validate=\"\" data-key=\"unfallversicherung\" class=\"um-form-field valid not-required um-s1 \" style=\"width: 100%\" data-placeholder=\"\"   aria-invalid=\"false\" ><option value=\"\"><\/option><option value=\"Gruppe 1: Invalidit\u00e4t 100.000 \u20ac\" selected>Gruppe 1: Invalidit\u00e4t 100.000 \u20ac<\/option><option value=\"Gruppe 2: Invalidit\u00e4t 200.000 \u20ac\" >Gruppe 2: Invalidit\u00e4t 200.000 \u20ac<\/option><\/select><\/div><\/div><\/div><\/div>\n<!-- This file should primarily consist of HTML with a little bit of PHP. -->\n<div class=\"um-field um-field-type_terms_conditions\" data-key=\"use_terms_conditions_agreement\" style=\"display:block;padding:0;\">\n\t<div class=\"um-field-area\">\n\t\t<div class=\"um-gdpr-content\" style=\"display:none;\">\n\t\t\t\n<p><strong>Rechtsgrundlage:<\/strong> Die Datenschutz-Grundverordnung (DSGVO), \u00f6sterreichische Datenschutzgesetz (DSG) <\/p>\n\n\n\n<p><strong>Verantwortlicher:<\/strong> Angelio Kaufgemeinschaft <\/p>\n\n\n\n<p><strong>Zweck der Datenverarbeitung:<\/strong> <br>Die Mitgliedsdaten werden zur Abwicklung der Vereinsaufgaben verarbeitet und gespeichert. <\/p>\n\n\n\n<p>Weiters werden personenbezogene Daten von Lieferanten und Partnern verarbeitet, welche im Zuge der vertraglichen Zusammenarbeit mit diesen notwendig sind.<\/p>\n\n\n\n<p>Die personenbezogenen Daten, welche von Ihnen \u00fcber die Website zur Verf\u00fcgung gestellt werden, sind notwendig zur Vertragserf\u00fcllung. Die Daten sind erforderlich, damit die Versicherungsvertr\u00e4ge ordnungsgem\u00e4\u00df abgewickelt werden k\u00f6nnen.<\/p>\n\n\n\n<p><strong>Weitergabe an Dritte:<\/strong><br>Die Daten werden an die jeweiligen Versicherungsagenturen, bei denen die Gruppenversicherungen abgeschlossen werden, weitergeleitet um diese entsprechend weiterverarbeiten zu k\u00f6nnen.<\/p>\n\n\n\n<p><strong>Rechte der betroffenen Personen:<\/strong> <br>Ihnen stehen grunds\u00e4tzlich die Rechte auf Auskunft, Berichtigung, L\u00f6schung, Einschr\u00e4nkung, Daten\u00fcbertragbarkeit und Widerspruch zu. <\/p>\n\n\n\n<p><\/p>\n\t\t<\/div>\n\t\t<a href=\"javascript:void(0);\" class=\"um-toggle-gdpr\" data-toggle-state=\"hidden\"\n\t\t\tdata-toggle-show=\"Datenschutzerkl\u00e4rung zeigen\"\n\t\t\tdata-toggle-hide=\"Datenschutzerkl\u00e4rung verstecken\">\n\t\t\tDatenschutzerkl\u00e4rung zeigen\t\t<\/a>\n\t<\/div>\n\t<div class=\"um-field-area\">\n\t\t<label class=\"um-field-checkbox\">\n\t\t\t<input type=\"checkbox\" name=\"use_gdpr_agreement\" value=\"1\">\n\t\t\t<span class=\"um-field-checkbox-state\"><i class=\"um-icon-android-checkbox-outline-blank\"><\/i><\/span>\n\t\t\t<span class=\"um-field-checkbox-option\">Bitte best\u00e4tige, dass du unserer Datenschutzerkl\u00e4rung zustimmst<\/span>\n\t\t<\/label>\n\t\t<div class=\"um-clear\"><\/div>\n\t\t\t\t<div class=\"um-clear\"><\/div>\n\t<\/div>\n<\/div>\n\t<input type=\"hidden\" name=\"form_id\" id=\"form_id_58\" value=\"58\" \/>\n\t\t<p class=\"um_request_name\">\n\t\t<label for=\"um_request_58\">Only fill in if you are not human<\/label>\n\t\t<input type=\"hidden\" name=\"um_request\" id=\"um_request_58\" class=\"input\" value=\"\" size=\"25\" autocomplete=\"off\" \/>\n\t<\/p>\n\t<input type=\"hidden\" id=\"_wpnonce\" name=\"_wpnonce\" value=\"dfefbc081b\" \/><input type=\"hidden\" name=\"_wp_http_referer\" value=\"\/wordpress\/index.php\/wp-json\/wp\/v2\/pages\/182\" \/>\n\t<div class=\"um-col-alt\">\n\n\t\t\n\t\t\t<div class=\"um-left um-half\">\n\t\t\t\t<input type=\"submit\" value=\"Registrieren\" class=\"um-button\" id=\"um-submit-btn\" \/>\n\t\t\t<\/div>\n\t\t\t<div class=\"um-right um-half\">\n\t\t\t\t<a href=\"https:\/\/angelio.at\/wordpress\/index.php\/als-mitglied-registrieren\/\" class=\"um-button um-alt\">\n\t\t\t\t\tAnmelden\t\t\t\t<\/a>\n\t\t\t<\/div>\n\n\t\t\n\t\t<div class=\"um-clear\"><\/div>\n\n\t<\/div>\n\n\t\t\t<\/form>\n\t<\/div>\n<\/div>\n<style>\n\t\t\t.um-58.um {\n\t\t\tmax-width: 450px;\n\t\t}\n\t\t<\/style>\n\n","protected":false},"excerpt":{"rendered":"","protected":false},"author":1,"featured_media":0,"parent":0,"menu_order":0,"comment_status":"closed","ping_status":"closed","template":"","meta":{"footnotes":""},"class_list":["post-182","page","type-page","status-publish","hentry"],"_links":{"self":[{"href":"https:\/\/angelio.at\/wordpress\/index.php\/wp-json\/wp\/v2\/pages\/182","targetHints":{"allow":["GET"]}}],"collection":[{"href":"https:\/\/angelio.at\/wordpress\/index.php\/wp-json\/wp\/v2\/pages"}],"about":[{"href":"https:\/\/angelio.at\/wordpress\/index.php\/wp-json\/wp\/v2\/types\/page"}],"author":[{"embeddable":true,"href":"https:\/\/angelio.at\/wordpress\/index.php\/wp-json\/wp\/v2\/users\/1"}],"replies":[{"embeddable":true,"href":"https:\/\/angelio.at\/wordpress\/index.php\/wp-json\/wp\/v2\/comments?post=182"}],"version-history":[{"count":1,"href":"https:\/\/angelio.at\/wordpress\/index.php\/wp-json\/wp\/v2\/pages\/182\/revisions"}],"predecessor-version":[{"id":183,"href":"https:\/\/angelio.at\/wordpress\/index.php\/wp-json\/wp\/v2\/pages\/182\/revisions\/183"}],"wp:attachment":[{"href":"https:\/\/angelio.at\/wordpress\/index.php\/wp-json\/wp\/v2\/media?parent=182"}],"curies":[{"name":"wp","href":"https:\/\/api.w.org\/{rel}","templated":true}]}}